ommon divisor of 3497 and 507?
13
Calculate the greatest common divisor of 4522 and 950.
38
Calculate the greatest common factor of 2472 and 1752.
24
Calculate the greatest common factor of 13262 and 4066.
38
Calculate the greatest common factor of 7 and 35079.
1
Calculate the highest common divisor of 894 and 2258542.
298
Calculate the highest common factor of 4506232 and 776.
776
Calculate the highest common divisor of 22 and 20581.
11
What is the greatest common factor of 17 and 5788823?
17
Calculate the highest common divisor of 8288595 and 3430.
1715
What is the highest common divisor of 10 and 229?
1
What is the greatest common factor of 1113476 and 20384?
2548
Calculate the greatest common divisor of 2662722 and 348.
174
What is the greatest common factor of 770 and 95?
5
Calculate the highest common factor of 5412 and 2132.
164
What is the highest common divisor of 272 and 135932?
68
What is the highest common factor of 17874 and 7074?
54
What is the greatest common divisor of 26433 and 1485?
297
What is the highest common factor of 4779 and 7317?
27
What is the greatest common divisor of 61 and 48922?
61
Calculate the highest common divisor of 398 and 1005149.
199
Calculate the greatest common factor of 60 and 695265.
15
What is the greatest common divisor of 520 and 195?
65
What is the highest common divisor of 67 and 2948?
67
What is the greatest common factor of 2225 and 43165?
445
Calculate the greatest common divisor of 44415 and 245.
35
Calculate the highest common factor of 19616 and 19168.
32
What is the greatest common factor of 1442 and 16686?
206
What is the highest common factor of 640 and 216560?
80
What is the highest common divisor of 252 and 576639?
63
Calculate the highest common divisor of 15744 and 2144.
32
What is the greatest common factor of 64024 and 14893?
53
Calculate the greatest common factor of 1 and 83998.
1
What is the greatest common divisor of 343440 and 1134?
162
What is the greatest common factor of 972 and 3483?
81
What is the highest common divisor of 53052 and 48?
12
What is the greatest common factor of 3774 and 224094?
102
Calculate the greatest common factor of 197500 and 2700.
100
Calculate the highest common divisor of 80 and 9036.
4
Calculate the highest common divisor of 101 and 16463.
101
Calculate the highest common divisor of 3355 and 5490.
305
What is the highest common divisor of 260 and 484780?
20
What is the greatest common divisor of 187 and 153697?
17
What is the highest common divisor of 20600 and 10000?
200
What is the greatest common factor of 154497 and 1029?
147
Calculate the greatest common divisor of 382387 and 778.
389
What is the highest common factor of 1790559 and 102?
51
Calculate the greatest common factor of 552 and 3726.
138
Calculate the highest common divisor of 126675 and 2700.
225
What is the greatest common factor of 3294 and 12717?
27
What is the greatest common divisor of 9888 and 30432?
96
Calculate the greatest common divisor of 63245 and 2184.
91
What is the highest common factor of 31311 and 1813?
49
Calculate the greatest common divisor of 7854 and 693294.
714
Calculate the highest common factor of 86 and 436622.
86
What is the greatest common factor of 30528 and 13032?
72
Calculate the greatest common factor of 439761 and 1032.
129
Calculate the highest common divisor of 2037 and 546.
21
Calculate the highest common divisor of 11570 and 780.
130
What is the highest common divisor of 21850 and 1825?
25
What is the highest common factor of 42742 and 28?
14
Calculate the greatest common factor of 48 and 2030352.
48
Calculate the highest common divisor of 14 and 584584.
14
Calculate the greatest common factor of 15732 and 19.
19
What is the greatest common factor of 6357 and 455?
13
Calculate the greatest common factor of 2072 and 1246567.
259
Calculate the greatest common divisor of 324 and 152064.
108
What is the highest common factor of 16 and 4300888?
8
What is the greatest common factor of 441 and 21217?
49
What is the greatest common factor of 91217 and 91?
7
Calculate the greatest common factor of 398707 and 691.
691
What is the greatest common factor of 36879 and 1900?
19
Calculate the highest common factor of 62 and 416.
2
Calculate the greatest common divisor of 426663 and 18.
9
What is the greatest common divisor of 7624 and 20?
4
Calculate the highest common divisor of 3877529 and 151.
151
What is the highest common factor of 512572 and 1270?
254
Calculate the greatest common factor of 20811 and 21.
21
What is the greatest common divisor of 1360 and 4960?
80
Calculate the highest common divisor of 66575 and 20.
5
What is the greatest common divisor of 21752 and 568?
8
Calculate the greatest common divisor of 2286 and 90.
18
What is the highest common divisor of 3705 and 195?
195
What is the greatest common divisor of 356 and 10324?
356
Calculate the highest common divisor of 2782 and 234.
26
What is the greatest common factor of 3890 and 178162?
778
What is the greatest common factor of 106384 and 576?
16
What is the greatest common divisor of 2438905 and 34?
17
What is the greatest common divisor of 34 and 2728432?
34
What is the greatest common divisor of 210987 and 52479?
1071
What is the greatest common divisor of 175175 and 286?
143
What is the greatest common divisor of 240 and 3151920?
240
Calculate the greatest common divisor of 187788 and 24.
12
What is the highest common divisor of 9315 and 11155?
115
Calculate the highest common divisor of 117 and 6759.
9
Calculate the greatest common factor of 2176 and 119.
17
What is the greatest common divisor of 1184 and 295?
1
Calculate the greatest common factor of 18552583 and 7.
7
Calculate the highest common divisor of 2940 and 82140.
60
Calculate the greatest common factor of 28 and 3618.
2
What is the highest common factor of 17290 and 260?
130
What is the greatest common divisor of 425 and 841075?
425
Calculate the greatest common divisor of 1860 and 2602140.
1860
Calculate the highest common divisor of 1184 and 42661.
37
What is the greatest common factor of 32 and 113984?
32
Calculate the highest common divisor of 360516 and 39.
39
What is the highest common divisor of 6345 and 893?
47
Calculate the highest common factor of 603 and 639.
9
Calculate the greatest common factor of 310 and 1490.
10
Calculate the highest common factor of 4 and 110996.
4
What is the greatest common divisor of 52 and 64324?
52
Calculate the highest common divisor of 3408 and 149313.
213
What is the greatest common factor of 14656 and 512?
64
What is the highest common divisor of 415040 and 1600?
320
Calculate the greatest common divisor of 244218 and 3666.
78
Calculate the greatest common divisor of 58793 and 518.
259
What is the highest common factor of 406 and 229506?
58
What is the greatest common divisor of 70848 and 18?
18
What is the greatest common factor of 77 and 421729?
77
What is the greatest common factor of 297 and 27159?
33
Calculate the highest common divisor of 353229 and 171.
57
Calculate the greatest common divisor of 17473 and 2222.
101
What is the greatest common divisor of 661556 and 28?
28
Calculate the greatest common divisor of 3893 and 34.
17
Calculate the greatest common factor of 1489020 and 4140.
1380
Calculate the highest common factor of 8383 and 2905.
83
Calculate the greatest common divisor of 108750 and 2145.
15
What is the greatest common divisor of 58 and 312446?
58
What is the greatest common factor of 212040 and 3496?
152
What is the greatest common divisor of 124743 and 129?
129
Calculate the highest common divisor of 921 and 103459.
307
Calculate the greatest common divisor of 6790 and 9296.
14
Calculate the greatest common factor of 4521 and 50142.
411
What is the highest common factor of 87 and 69542?
29
Calculate the highest common divisor of 5536 and 6176.
32
What is the highest common divisor of 257355 and 504?
63
What is the greatest common divisor of 114985 and 290?
145
Calculate the highest common divisor of 19320 and 560.
280
Calculate the highest common factor of 44 and 410036.
44
Calculate the greatest common factor of 677948 and 276.
92
What is the greatest common divisor of 1277784 and 27?
9
Calculate the greatest common divisor of 138 and 7521.
69
What is 